
{"id":13389,"date":"2023-02-15T18:29:54","date_gmt":"2023-02-15T18:29:54","guid":{"rendered":"https:\/\/favistor.es\/?post_type=product&#038;p=13389"},"modified":"2023-02-18T14:19:19","modified_gmt":"2023-02-18T14:19:19","slug":"caixa-de-lenha-de-carpa-ultra-seca","status":"publish","type":"product","link":"https:\/\/favistor.es\/?product=caixa-de-lenha-de-carpa-ultra-seca","title":{"rendered":"Caixa de lenha de carpa ultra seca"},"content":{"rendered":"<p>Feiti\u00e7o de Caixa de Lenha<br \/>\nSua garantia de lenha perfeita!<br \/>\nAssim como o carvalho; a lenha mais ideal para fog\u00f5es e lareiras.<\/p>\n<p>Hornbeam \u00e9 uma madeira mais dura com um peso espec\u00edfico maior.<\/p>\n<p>O amuleto \u00e9 usado h\u00e1 s\u00e9culos por ferreiros; fundidores de ferro e oleiros como combust\u00edvel natural.<\/p>\n<p>A alta densidade garante um brilho lento e muito intenso com uma chama sem fuma\u00e7a e uma longa carboniza\u00e7\u00e3o incandescente da madeira.<\/p>\n<p>Isso \u00e9 caracterizado pela maior sa\u00edda de calor e, portanto, pela maior emiss\u00e3o de calor.<\/p>\n<p>Queima t\u00e3o longa e uniformemente quanto o carvalho. Al\u00e9m disso; a casca \u00e9 muito fina e limpa; ent\u00e3o a madeira inflama mais r\u00e1pido e \u00e9 dif\u00edcil formar musgo nela.<\/p>\n<p>Propriedades caixa de lenha carpa ultra seca:<br \/>\nAdequado para panelas m\u00e9dias ou grandes<br \/>\nQueima lenta \u2013 efeito de chama viva<br \/>\nSecar no forno \u2013 queimar imediatamente<br \/>\nIdeal tamb\u00e9m para fornos de pizza<br \/>\nLenha<br \/>\nSeu fog\u00e3o a lenha deve ser agrad\u00e1vel de queimar e n\u00e3o deve causar estresse por umidade ou madeira de m\u00e1 qualidade. A combust\u00e3o est\u00e1vel garante sua seguran\u00e7a (a madeira molhada libera muito CO2); fornece calor confort\u00e1vel e permite que voc\u00ea desfrute despreocupado.<\/p>\n<p>A qualidade \u00e9 mais importante do que um pre\u00e7o baixo. Isso \u00e9 praticamente tudo que voc\u00ea compra. No entanto; devido ao nosso grande volume; conseguimos oferecer madeira da melhor qualidade ao melhor pre\u00e7o. Para a produ\u00e7\u00e3o de nossas grades de lenha; trabalhamos com um fabricante que fornece mais de 850 restaurantes e redes hoteleiras na Alemanha; entre outros. Eles n\u00e3o podem fornecer madeira de qualidade e umidade question\u00e1veis; porque a fuma\u00e7a e a combust\u00e3o inst\u00e1vel est\u00e3o obviamente fora de quest\u00e3o em um restaurante.<\/p>\n","protected":false},"excerpt":{"rendered":"<p>Calor lento &#8211; chamas brilhantes<br \/>\nSeco no forno \u2013 calor imediato<br \/>\nLenha de carpa ultra seca empilhada \u00e0 m\u00e3o<br \/>\nCaixa s\u00f3lida.<\/p>\n","protected":false},"featured_media":13393,"comment_status":"open","ping_status":"closed","template":"","meta":[],"product_brand":[],"product_cat":[72],"product_tag":[],"class_list":{"0":"post-13389","1":"product","2":"type-product","3":"status-publish","4":"has-post-thumbnail","6":"product_cat-lenha","8":"first","9":"instock","10":"shipping-taxable","11":"purchasable","12":"product-type-simple"},"jetpack_sharing_enabled":true,"_links":{"self":[{"href":"https:\/\/favistor.es\/index.php?rest_route=\/wp\/v2\/product\/13389","targetHints":{"allow":["GET"]}}],"collection":[{"href":"https:\/\/favistor.es\/index.php?rest_route=\/wp\/v2\/product"}],"about":[{"href":"https:\/\/favistor.es\/index.php?rest_route=\/wp\/v2\/types\/product"}],"replies":[{"embeddable":true,"href":"https:\/\/favistor.es\/index.php?rest_route=%2Fwp%2Fv2%2Fcomments&post=13389"}],"version-history":[{"count":2,"href":"https:\/\/favistor.es\/index.php?rest_route=\/wp\/v2\/product\/13389\/revisions"}],"predecessor-version":[{"id":13395,"href":"https:\/\/favistor.es\/index.php?rest_route=\/wp\/v2\/product\/13389\/revisions\/13395"}],"wp:featuredmedia":[{"embeddable":true,"href":"https:\/\/favistor.es\/index.php?rest_route=\/wp\/v2\/media\/13393"}],"wp:attachment":[{"href":"https:\/\/favistor.es\/index.php?rest_route=%2Fwp%2Fv2%2Fmedia&parent=13389"}],"wp:term":[{"taxonomy":"product_brand","embeddable":true,"href":"https:\/\/favistor.es\/index.php?rest_route=%2Fwp%2Fv2%2Fproduct_brand&post=13389"},{"taxonomy":"product_cat","embeddable":true,"href":"https:\/\/favistor.es\/index.php?rest_route=%2Fwp%2Fv2%2Fproduct_cat&post=13389"},{"taxonomy":"product_tag","embeddable":true,"href":"https:\/\/favistor.es\/index.php?rest_route=%2Fwp%2Fv2%2Fproduct_tag&post=13389"}],"curies":[{"name":"wp","href":"https:\/\/api.w.org\/{rel}","templated":true}]}}