
{"id":13396,"date":"2023-02-15T18:36:38","date_gmt":"2023-02-15T18:36:38","guid":{"rendered":"https:\/\/favistor.es\/?post_type=product&#038;p=13396"},"modified":"2023-02-18T14:18:51","modified_gmt":"2023-02-18T14:18:51","slug":"caixote-de-lenha-25cm-madeiras-nobres","status":"publish","type":"product","link":"https:\/\/favistor.es\/?product=caixote-de-lenha-25cm-madeiras-nobres","title":{"rendered":"Caixote de Lenha 25cm &#8211; madeiras nobres"},"content":{"rendered":"<p>Esta palete de madeira, com cerca de 2 metros de altura, \u00e9 f\u00e1cil de guardar (sujeito a acessibilidade) e garante que ter\u00e1 o n\u00famero de metros c\u00fabicos encomendado.<\/p>\n<p>A paleta cont\u00e9m v\u00e1rias esp\u00e9cies, exclusivamente folhosas. Portanto, \u00e9 ideal para um bom equil\u00edbrio entre brasas e chamas abertas.<\/p>\n<p>A madeira \u00e9 bem dividida em toras de 45 cm, formato ideal para lareira ou recanto.<\/p>\n","protected":false},"excerpt":{"rendered":"<p>Taxa de umidade: menos de 25%<br \/>\nEsp\u00e9cie: Mistura de madeiras duras (faia, carvalho, freixo e carpa)<br \/>\nVolume em m3: 2 m3<br \/>\nVolume em metros c\u00fabicos: 3 metros c\u00fabicos<br \/>\nDimens\u00f5es da palete: 120 x 95 x 200 cm (C x L x A)<br \/>\nT\u00e9cnica de secagem: Natural<br \/>\nTipo de madeira: Hardwoods<\/p>\n","protected":false},"featured_media":13397,"comment_status":"open","ping_status":"closed","template":"","meta":[],"product_brand":[],"product_cat":[72],"product_tag":[],"class_list":{"0":"post-13396","1":"product","2":"type-product","3":"status-publish","4":"has-post-thumbnail","6":"product_cat-lenha","8":"first","9":"instock","10":"shipping-taxable","11":"purchasable","12":"product-type-simple"},"jetpack_sharing_enabled":true,"_links":{"self":[{"href":"https:\/\/favistor.es\/index.php?rest_route=\/wp\/v2\/product\/13396","targetHints":{"allow":["GET"]}}],"collection":[{"href":"https:\/\/favistor.es\/index.php?rest_route=\/wp\/v2\/product"}],"about":[{"href":"https:\/\/favistor.es\/index.php?rest_route=\/wp\/v2\/types\/product"}],"replies":[{"embeddable":true,"href":"https:\/\/favistor.es\/index.php?rest_route=%2Fwp%2Fv2%2Fcomments&post=13396"}],"version-history":[{"count":1,"href":"https:\/\/favistor.es\/index.php?rest_route=\/wp\/v2\/product\/13396\/revisions"}],"predecessor-version":[{"id":13398,"href":"https:\/\/favistor.es\/index.php?rest_route=\/wp\/v2\/product\/13396\/revisions\/13398"}],"wp:featuredmedia":[{"embeddable":true,"href":"https:\/\/favistor.es\/index.php?rest_route=\/wp\/v2\/media\/13397"}],"wp:attachment":[{"href":"https:\/\/favistor.es\/index.php?rest_route=%2Fwp%2Fv2%2Fmedia&parent=13396"}],"wp:term":[{"taxonomy":"product_brand","embeddable":true,"href":"https:\/\/favistor.es\/index.php?rest_route=%2Fwp%2Fv2%2Fproduct_brand&post=13396"},{"taxonomy":"product_cat","embeddable":true,"href":"https:\/\/favistor.es\/index.php?rest_route=%2Fwp%2Fv2%2Fproduct_cat&post=13396"},{"taxonomy":"product_tag","embeddable":true,"href":"https:\/\/favistor.es\/index.php?rest_route=%2Fwp%2Fv2%2Fproduct_tag&post=13396"}],"curies":[{"name":"wp","href":"https:\/\/api.w.org\/{rel}","templated":true}]}}