
{"id":13448,"date":"2023-02-15T19:47:11","date_gmt":"2023-02-15T18:47:11","guid":{"rendered":"https:\/\/favistor.es\/?post_type=product&#038;p=13448"},"modified":"2023-02-15T19:47:11","modified_gmt":"2023-02-15T18:47:11","slug":"paleta-carvao-100-antracite","status":"publish","type":"product","link":"https:\/\/favistor.es\/?product=paleta-carvao-100-antracite","title":{"rendered":"Paleta Carv\u00e3o 100% Antracite"},"content":{"rendered":"<p>Carv\u00e3o 100% Antracite (A12-22mm)<br \/>\nSempre temos esses tipos de carv\u00e3o em estoque em sacos de 25 kg Dispon\u00edvel no tamanho: 12-22mm Direto do Kolenterinal para sua casa.<\/p>\n<p>Tipo de carv\u00e3o com a maior energia de combust\u00e3o. Este carv\u00e3o ligeiramente mais duro d\u00e1 pouca cinza e muito calor. \u00c9 um carv\u00e3o bonito e brilhante que praticamente n\u00e3o emite p\u00f3.<\/p>\n<p>Perfeito para fog\u00f5es a carv\u00e3o; queimadores; fitas integradas.<\/p>\n<p>Propriedades do carv\u00e3o 100% antracito (A12-22mm)<br \/>\nAntracite adequado para aquecer um fog\u00e3o a carv\u00e3o com bico (funil)<br \/>\nDimens\u00f5es: 12 \u2013 22mm<br \/>\nV\u00f4o: 7 \u2013 24%<br \/>\n40 sacos de 25kg<\/p>\n","protected":false},"excerpt":{"rendered":"<p>Antracite adequado para aquecer um fog\u00e3o a carv\u00e3o com bico (funil)<br \/>\nTamanho: 12 \u2013 22mm<br \/>\nV\u00f4o: 7 \u2013 24%<\/p>\n","protected":false},"featured_media":13449,"comment_status":"open","ping_status":"closed","template":"","meta":[],"product_brand":[],"product_cat":[73],"product_tag":[],"class_list":{"0":"post-13448","1":"product","2":"type-product","3":"status-publish","4":"has-post-thumbnail","6":"product_cat-carvao","8":"first","9":"instock","10":"shipping-taxable","11":"purchasable","12":"product-type-simple"},"jetpack_sharing_enabled":true,"_links":{"self":[{"href":"https:\/\/favistor.es\/index.php?rest_route=\/wp\/v2\/product\/13448","targetHints":{"allow":["GET"]}}],"collection":[{"href":"https:\/\/favistor.es\/index.php?rest_route=\/wp\/v2\/product"}],"about":[{"href":"https:\/\/favistor.es\/index.php?rest_route=\/wp\/v2\/types\/product"}],"replies":[{"embeddable":true,"href":"https:\/\/favistor.es\/index.php?rest_route=%2Fwp%2Fv2%2Fcomments&post=13448"}],"version-history":[{"count":1,"href":"https:\/\/favistor.es\/index.php?rest_route=\/wp\/v2\/product\/13448\/revisions"}],"predecessor-version":[{"id":13450,"href":"https:\/\/favistor.es\/index.php?rest_route=\/wp\/v2\/product\/13448\/revisions\/13450"}],"wp:featuredmedia":[{"embeddable":true,"href":"https:\/\/favistor.es\/index.php?rest_route=\/wp\/v2\/media\/13449"}],"wp:attachment":[{"href":"https:\/\/favistor.es\/index.php?rest_route=%2Fwp%2Fv2%2Fmedia&parent=13448"}],"wp:term":[{"taxonomy":"product_brand","embeddable":true,"href":"https:\/\/favistor.es\/index.php?rest_route=%2Fwp%2Fv2%2Fproduct_brand&post=13448"},{"taxonomy":"product_cat","embeddable":true,"href":"https:\/\/favistor.es\/index.php?rest_route=%2Fwp%2Fv2%2Fproduct_cat&post=13448"},{"taxonomy":"product_tag","embeddable":true,"href":"https:\/\/favistor.es\/index.php?rest_route=%2Fwp%2Fv2%2Fproduct_tag&post=13448"}],"curies":[{"name":"wp","href":"https:\/\/api.w.org\/{rel}","templated":true}]}}