
{"id":13473,"date":"2023-02-15T20:15:29","date_gmt":"2023-02-15T20:15:29","guid":{"rendered":"https:\/\/favistor.es\/?post_type=product&#038;p=13473"},"modified":"2023-02-18T14:20:27","modified_gmt":"2023-02-18T14:20:27","slug":"fogao-a-lenha-ecologico-9kw-85kw","status":"publish","type":"product","link":"https:\/\/favistor.es\/?product=fogao-a-lenha-ecologico-9kw-85kw","title":{"rendered":"Fog\u00e3o a Lenha Ecol\u00f3gico 9Kw 8,5kW"},"content":{"rendered":"<p>Caracter\u00edsticas tecnicas :<\/p>\n<p>Pot\u00eancia: 9kW<br \/>\nVolume aquecido corrigido: 130 a 330 m3<br \/>\nTroncos at\u00e9 55 cm<br \/>\nH 67; 3 x L 67 x P 39 5 cm Corpo em a\u00e7o; lar; Porta e tampo em ferro fundido Regula\u00e7\u00e3o manual Sa\u00edda da chamin\u00e9 na parte posterior ou superior Bico de sa\u00edda \u00d8 153 mm<br \/>\nA marca Godin<br \/>\nFoi em 1840 que Jean Baptiste Andr\u00e9 Godin substituiu o tradicional fog\u00e3o de chapa por um fog\u00e3o de ferro fundido esmaltado. Hoje; Godin tornou-se um nome gen\u00e9rico; popular e sin\u00f4nimo de aquecimento de qualidade. Sua produ\u00e7\u00e3o \u00e9 francesa; a empresa manteve suas 2 fundi\u00e7\u00f5es em Guise; em Hauts de France. Como o Petit Godin desenhado pelo criador da marca; os produtos devem a sua qualidade ao dom\u00ednio do ferro fundido.<\/p>\n","protected":false},"excerpt":{"rendered":"<p>Fog\u00e3o a Lenha Ecol\u00f3gico 9Kw 8,5kW<\/p>\n","protected":false},"featured_media":13474,"comment_status":"open","ping_status":"closed","template":"","meta":[],"product_brand":[],"product_cat":[77],"product_tag":[],"class_list":{"0":"post-13473","1":"product","2":"type-product","3":"status-publish","4":"has-post-thumbnail","6":"product_cat-fogoes-a-lenha","8":"first","9":"instock","10":"sale","11":"shipping-taxable","12":"purchasable","13":"product-type-simple"},"jetpack_sharing_enabled":true,"_links":{"self":[{"href":"https:\/\/favistor.es\/index.php?rest_route=\/wp\/v2\/product\/13473","targetHints":{"allow":["GET"]}}],"collection":[{"href":"https:\/\/favistor.es\/index.php?rest_route=\/wp\/v2\/product"}],"about":[{"href":"https:\/\/favistor.es\/index.php?rest_route=\/wp\/v2\/types\/product"}],"replies":[{"embeddable":true,"href":"https:\/\/favistor.es\/index.php?rest_route=%2Fwp%2Fv2%2Fcomments&post=13473"}],"version-history":[{"count":1,"href":"https:\/\/favistor.es\/index.php?rest_route=\/wp\/v2\/product\/13473\/revisions"}],"predecessor-version":[{"id":13475,"href":"https:\/\/favistor.es\/index.php?rest_route=\/wp\/v2\/product\/13473\/revisions\/13475"}],"wp:featuredmedia":[{"embeddable":true,"href":"https:\/\/favistor.es\/index.php?rest_route=\/wp\/v2\/media\/13474"}],"wp:attachment":[{"href":"https:\/\/favistor.es\/index.php?rest_route=%2Fwp%2Fv2%2Fmedia&parent=13473"}],"wp:term":[{"taxonomy":"product_brand","embeddable":true,"href":"https:\/\/favistor.es\/index.php?rest_route=%2Fwp%2Fv2%2Fproduct_brand&post=13473"},{"taxonomy":"product_cat","embeddable":true,"href":"https:\/\/favistor.es\/index.php?rest_route=%2Fwp%2Fv2%2Fproduct_cat&post=13473"},{"taxonomy":"product_tag","embeddable":true,"href":"https:\/\/favistor.es\/index.php?rest_route=%2Fwp%2Fv2%2Fproduct_tag&post=13473"}],"curies":[{"name":"wp","href":"https:\/\/api.w.org\/{rel}","templated":true}]}}