
{"id":13853,"date":"2023-10-05T22:49:25","date_gmt":"2023-10-05T21:49:25","guid":{"rendered":"https:\/\/favistor.es\/?post_type=product&#038;p=13853"},"modified":"2025-11-24T20:51:45","modified_gmt":"2025-11-24T20:51:45","slug":"pellet-excellent-pellets-palete-de-65-sacos-de-15-kg","status":"publish","type":"product","link":"https:\/\/favistor.es\/?product=pellet-excellent-pellets-palete-de-65-sacos-de-15-kg","title":{"rendered":"Pellet Excellent Pellets \u2013 Palete de 65 sacos de 15 kg"},"content":{"rendered":"<p>S\u00e3o fabricados em uma serraria muito grande, onde a serragem \u00e9 utilizada diretamente no local para fazer os gr\u00e2nulos. A utiliza\u00e7\u00e3o de serradura em curto-circuito permite manter a sua grande frescura.<\/p>\n<p>Estas mat\u00e9rias-primas s\u00e3o ent\u00e3o secas a baixa temperatura (secador de correia). Este dom\u00ednio das mat\u00e9rias-primas permite-nos obter um baixo teor de cinzas e uma elevada temperatura de deforma\u00e7\u00e3o das cinzas (evita a forma\u00e7\u00e3o de cl\u00ednquer).<\/p>\n<p>A elevada dureza dos gr\u00e2nulos devido \u00e0 prensagem de alta densidade, o baixo \u00edndice de humidade e, por fim, uma peneira\u00e7\u00e3o realizada antes do enchimento de cada saco permite um baix\u00edssimo n\u00edvel de poeira na sa\u00edda da f\u00e1brica.<\/p>\n<p>Eles excedem os mais rigorosos padr\u00f5es de qualidade DIN Plus ou EN Plus.<\/p>\n<p>S\u00e3o ideais para todos os sistemas de aquecimento a pellets de madeira.<\/p>\n<p>Certificados: DIN Plus, EN Plus A1<\/p>\n<p>Valor calor\u00edfico: Menos de 4,9 kWh\/kg<\/p>\n<p>Taxa de umidade: menos de 8%<\/p>\n<p>Taxa de cinzas: Menos de 0,5%<\/p>\n<p>Taxa de poeira: Menos de 0,21%<\/p>\n<p>Esp\u00e9cie: Madeiras macias<\/p>\n<p>Tipo de madeira: 100% madeira macia<\/p>\n<p>Embalagem: Palete<\/p>\n<p>Origem: B\u00e9lgica<\/p>\n","protected":false},"excerpt":{"rendered":"<p>EXCELENTES PELLETS pellets de madeira, certificados DIN Plus e EN Plus A1. Fabricado na B\u00e9lgica, produto local, 100% resinoso e natural.<\/p>\n","protected":false},"featured_media":13856,"comment_status":"open","ping_status":"closed","template":"","meta":[],"product_brand":[],"product_cat":[76],"product_tag":[],"class_list":{"0":"post-13853","1":"product","2":"type-product","3":"status-publish","4":"has-post-thumbnail","6":"product_cat-pellets-e-granulos","8":"first","9":"instock","10":"shipping-taxable","11":"purchasable","12":"product-type-simple"},"jetpack_sharing_enabled":true,"_links":{"self":[{"href":"https:\/\/favistor.es\/index.php?rest_route=\/wp\/v2\/product\/13853","targetHints":{"allow":["GET"]}}],"collection":[{"href":"https:\/\/favistor.es\/index.php?rest_route=\/wp\/v2\/product"}],"about":[{"href":"https:\/\/favistor.es\/index.php?rest_route=\/wp\/v2\/types\/product"}],"replies":[{"embeddable":true,"href":"https:\/\/favistor.es\/index.php?rest_route=%2Fwp%2Fv2%2Fcomments&post=13853"}],"version-history":[{"count":1,"href":"https:\/\/favistor.es\/index.php?rest_route=\/wp\/v2\/product\/13853\/revisions"}],"predecessor-version":[{"id":13855,"href":"https:\/\/favistor.es\/index.php?rest_route=\/wp\/v2\/product\/13853\/revisions\/13855"}],"wp:featuredmedia":[{"embeddable":true,"href":"https:\/\/favistor.es\/index.php?rest_route=\/wp\/v2\/media\/13856"}],"wp:attachment":[{"href":"https:\/\/favistor.es\/index.php?rest_route=%2Fwp%2Fv2%2Fmedia&parent=13853"}],"wp:term":[{"taxonomy":"product_brand","embeddable":true,"href":"https:\/\/favistor.es\/index.php?rest_route=%2Fwp%2Fv2%2Fproduct_brand&post=13853"},{"taxonomy":"product_cat","embeddable":true,"href":"https:\/\/favistor.es\/index.php?rest_route=%2Fwp%2Fv2%2Fproduct_cat&post=13853"},{"taxonomy":"product_tag","embeddable":true,"href":"https:\/\/favistor.es\/index.php?rest_route=%2Fwp%2Fv2%2Fproduct_tag&post=13853"}],"curies":[{"name":"wp","href":"https:\/\/api.w.org\/{rel}","templated":true}]}}