
{"id":14402,"date":"2025-11-24T21:17:29","date_gmt":"2025-11-24T21:17:29","guid":{"rendered":"https:\/\/favistor.es\/?post_type=product&#038;p=14402"},"modified":"2025-11-24T21:17:29","modified_gmt":"2025-11-24T21:17:29","slug":"palete-de-pellets-mm-royal-78-sacos-plasticos","status":"publish","type":"product","link":"https:\/\/favistor.es\/?product=palete-de-pellets-mm-royal-78-sacos-plasticos","title":{"rendered":"Palete de Pellets MM ROYAL \u2013 78 Sacos Pl\u00e1sticos"},"content":{"rendered":"<p data-start=\"82\" data-end=\"133\"><strong data-start=\"82\" data-end=\"133\">Palete de Pellets MM ROYAL \u2013 78 Sacos Pl\u00e1sticos<\/strong><\/p>\n<p data-start=\"135\" data-end=\"517\">A\u00a0<strong data-start=\"137\" data-end=\"167\">palete de Pellets MM ROYAL<\/strong>\u00a0oferece uma solu\u00e7\u00e3o de aquecimento de alto desempenho, ecol\u00f3gica e pr\u00e1tica. Composta por\u00a0<strong data-start=\"257\" data-end=\"291\">78 sacos pl\u00e1sticos resistentes<\/strong>, esta palete proporciona uma excelente autonomia para sistemas de aquecimento a biomassa. Produzidos com madeira 100% natural, os pellets MM ROYAL garantem uma combust\u00e3o eficiente, baixo teor de cinzas e elevada durabilidade.<\/p>\n<p data-start=\"519\" data-end=\"550\"><strong data-start=\"519\" data-end=\"550\">Caracter\u00edsticas principais:<\/strong><\/p>\n<ul data-start=\"552\" data-end=\"878\">\n<li data-start=\"552\" data-end=\"590\">\n<p data-start=\"554\" data-end=\"590\"><strong data-start=\"554\" data-end=\"568\">Quantidade<\/strong>: 78 sacos pl\u00e1sticos<\/p>\n<\/li>\n<li data-start=\"591\" data-end=\"631\">\n<p data-start=\"593\" data-end=\"631\"><strong data-start=\"593\" data-end=\"607\">Composi\u00e7\u00e3o<\/strong>: 100% madeira natural<\/p>\n<\/li>\n<li data-start=\"632\" data-end=\"686\">\n<p data-start=\"634\" data-end=\"686\"><strong data-start=\"634\" data-end=\"660\">Baixo teor de humidade<\/strong>, otimizando a combust\u00e3o<\/p>\n<\/li>\n<li data-start=\"687\" data-end=\"757\">\n<p data-start=\"689\" data-end=\"757\"><strong data-start=\"689\" data-end=\"714\">Alto poder calor\u00edfico<\/strong>, garantindo calor constante e prolongado<\/p>\n<\/li>\n<li data-start=\"758\" data-end=\"813\">\n<p data-start=\"760\" data-end=\"813\"><strong data-start=\"760\" data-end=\"785\">Baixo n\u00edvel de cinzas<\/strong>, facilitando a manuten\u00e7\u00e3o<\/p>\n<\/li>\n<li data-start=\"814\" data-end=\"878\">\n<p data-start=\"816\" data-end=\"878\"><strong data-start=\"816\" data-end=\"837\">Embalagem robusta<\/strong>, ideal para armazenamento e transporte<\/p>\n<\/li>\n<\/ul>\n<p data-start=\"880\" data-end=\"894\"><strong data-start=\"880\" data-end=\"894\">Vantagens:<\/strong><\/p>\n<ul data-start=\"896\" data-end=\"1112\">\n<li data-start=\"896\" data-end=\"928\">\n<p data-start=\"898\" data-end=\"928\">Excelente rendimento t\u00e9rmico<\/p>\n<\/li>\n<li data-start=\"929\" data-end=\"964\">\n<p data-start=\"931\" data-end=\"964\">Produto ecol\u00f3gico e sustent\u00e1vel<\/p>\n<\/li>\n<li data-start=\"965\" data-end=\"998\">\n<p data-start=\"967\" data-end=\"998\">F\u00e1cil de armazenar e manusear<\/p>\n<\/li>\n<li data-start=\"999\" data-end=\"1057\">\n<p data-start=\"1001\" data-end=\"1057\">Ideal para lareiras, caldeiras e salamandras a pellets<\/p>\n<\/li>\n<li data-start=\"1058\" data-end=\"1112\">\n<p data-start=\"1060\" data-end=\"1112\">Queima limpa, com baixas emiss\u00f5es e menos res\u00edduos<\/p>\n<\/li>\n<\/ul>\n<p data-start=\"1114\" data-end=\"1240\">Com os\u00a0<strong data-start=\"1121\" data-end=\"1141\">Pellets MM ROYAL<\/strong>, beneficie de um aquecimento eficiente, econ\u00f3mico e amigo do ambiente durante toda a esta\u00e7\u00e3o fria.<\/p>\n","protected":false},"excerpt":{"rendered":"<p>78 sacos de pl\u00e1stico muito resistentes de 15 kg contendo pellets = 1170 kg por palete<br \/>\nPaletes de madeira, sem fixa\u00e7\u00e3o com contrapeso, e com largura suficiente (os sacos n\u00e3o ultrapassam a palete e n\u00e3o rasgam)<br \/>\nPalete coberta (protege contra a chuva)<br \/>\nFabricante: Mayr Melnhof (\u00c1ustria).<\/p>\n<p>Composi\u00e7\u00e3o: 100% madeira macia.<\/p>\n<p>Oferecemos entrega gratuita em todo o Portugal e na Europa.<br \/>\nTeor de cinzas: 0,3%.<\/p>\n","protected":false},"featured_media":14403,"comment_status":"open","ping_status":"closed","template":"","meta":[],"product_brand":[],"product_cat":[76],"product_tag":[],"class_list":{"0":"post-14402","1":"product","2":"type-product","3":"status-publish","4":"has-post-thumbnail","6":"product_cat-pellets-e-granulos","8":"first","9":"instock","10":"shipping-taxable","11":"purchasable","12":"product-type-simple"},"jetpack_sharing_enabled":true,"_links":{"self":[{"href":"https:\/\/favistor.es\/index.php?rest_route=\/wp\/v2\/product\/14402","targetHints":{"allow":["GET"]}}],"collection":[{"href":"https:\/\/favistor.es\/index.php?rest_route=\/wp\/v2\/product"}],"about":[{"href":"https:\/\/favistor.es\/index.php?rest_route=\/wp\/v2\/types\/product"}],"replies":[{"embeddable":true,"href":"https:\/\/favistor.es\/index.php?rest_route=%2Fwp%2Fv2%2Fcomments&post=14402"}],"version-history":[{"count":1,"href":"https:\/\/favistor.es\/index.php?rest_route=\/wp\/v2\/product\/14402\/revisions"}],"predecessor-version":[{"id":14406,"href":"https:\/\/favistor.es\/index.php?rest_route=\/wp\/v2\/product\/14402\/revisions\/14406"}],"wp:featuredmedia":[{"embeddable":true,"href":"https:\/\/favistor.es\/index.php?rest_route=\/wp\/v2\/media\/14403"}],"wp:attachment":[{"href":"https:\/\/favistor.es\/index.php?rest_route=%2Fwp%2Fv2%2Fmedia&parent=14402"}],"wp:term":[{"taxonomy":"product_brand","embeddable":true,"href":"https:\/\/favistor.es\/index.php?rest_route=%2Fwp%2Fv2%2Fproduct_brand&post=14402"},{"taxonomy":"product_cat","embeddable":true,"href":"https:\/\/favistor.es\/index.php?rest_route=%2Fwp%2Fv2%2Fproduct_cat&post=14402"},{"taxonomy":"product_tag","embeddable":true,"href":"https:\/\/favistor.es\/index.php?rest_route=%2Fwp%2Fv2%2Fproduct_tag&post=14402"}],"curies":[{"name":"wp","href":"https:\/\/api.w.org\/{rel}","templated":true}]}}